t is the remainder when 3876 is divided by 3750?
126
What is the remainder when 1229 is divided by 580?
69
What is the remainder when 609649 is divided by 692?
689
Calculate the remainder when 18510 is divided by 3057.
168
What is the remainder when 8958 is divided by 9?
3
What is the remainder when 236900 is divided by 236882?
18
Calculate the remainder when 15192 is divided by 607.
17
What is the remainder when 11481 is divided by 1424?
89
Calculate the remainder when 31733 is divided by 71.
67
What is the remainder when 1364 is divided by 247?
129
Calculate the remainder when 23909 is divided by 3403.
88
Calculate the remainder when 1034560 is divided by 30.
10
What is the remainder when 1746008 is divided by 582001?
5
Calculate the remainder when 212693 is divided by 342.
311
Calculate the remainder when 4438 is divided by 216.
118
What is the remainder when 8823 is divided by 164?
131
Calculate the remainder when 218667 is divided by 10.
7
Calculate the remainder when 78614 is divided by 31.
29
What is the remainder when 8176 is divided by 742?
14
What is the remainder when 51806 is divided by 5?
1
Calculate the remainder when 20231 is divided by 200.
31
Calculate the remainder when 7098 is divided by 432.
186
Calculate the remainder when 9577 is divided by 68.
57
What is the remainder when 1532 is divided by 1433?
99
Calculate the remainder when 22568 is divided by 159.
149
What is the remainder when 134244 is divided by 29?
3
What is the remainder when 1280 is divided by 146?
112
Calculate the remainder when 383007 is divided by 2.
1
What is the remainder when 58997 is divided by 1405?
1392
Calculate the remainder when 2648730 is divided by 589.
586
What is the remainder when 19687119 is divided by 819?
816
Calculate the remainder when 50413 is divided by 25181.
51
Calculate the remainder when 77748 is divided by 19.
0
Calculate the remainder when 2287 is divided by 607.
466
Calculate the remainder when 54762 is divided by 23.
22
What is the remainder when 305712 is divided by 1887?
18
What is the remainder when 281 is divided by 100?
81
Calculate the remainder when 88597 is divided by 44265.
67
What is the remainder when 25105 is divided by 322?
311
What is the remainder when 1420 is divided by 4?
0
What is the remainder when 224683 is divided by 888?
19
What is the remainder when 12285 is divided by 995?
345
What is the remainder when 121718 is divided by 96?
86
What is the remainder when 214640 is divided by 2824?
16
What is the remainder when 20404 is divided by 889?
846
What is the remainder when 11267 is divided by 98?
95
Calculate the remainder when 52252 is divided by 4.
0
Calculate the remainder when 21772 is divided by 772.
156
What is the remainder when 97929 is divided by 1360?
9
What is the remainder when 22657 is divided by 4?
1
Calculate the remainder when 7487 is divided by 2430.
197
Calculate the remainder when 33438 is divided by 136.
118
Calculate the remainder when 750914 is divided by 11.
10
Calculate the remainder when 6751 is divided by 6702.
49
Calculate the remainder when 4601 is divided by 741.
155
What is the remainder when 3129 is divided by 288?
249
What is the remainder when 117672 is divided by 39223?
3
Calculate the remainder when 20954 is divided by 15.
14
Calculate the remainder when 1017 is divided by 294.
135
What is the remainder when 397209 is divided by 45?
39
Calculate the remainder when 20435 is divided by 522.
77
What is the remainder when 193333 is divided by 34?
9
Calculate the remainder when 14134 is divided by 1084.
42
Calculate the remainder when 33292 is divided by 476.
448
What is the remainder when 7026 is divided by 4?
2
Calculate the remainder when 24150 is divided by 562.
546
What is the remainder when 1347 is divided by 67?
7
Calculate the remainder when 23765 is divided by 11855.
55
What is the remainder when 762 is divided by 195?
177
Calculate the remainder when 134043 is divided by 1081.
1080
Calculate the remainder when 15815 is divided by 15742.
73
Calculate the remainder when 18138 is divided by 331.
264
What is the remainder when 21543 is divided by 126?
123
Calculate the remainder when 24141 is divided by 6016.
77
Calculate the remainder when 1088 is divided by 347.
47
What is the remainder when 2740 is divided by 22?
12
Calculate the remainder when 146815 is divided by 146784.
31
What is the remainder when 44777 is divided by 14?
5
Calculate the remainder when 3824 is divided by 3815.
9
Calculate the remainder when 128361 is divided by 23.
21
Calculate the remainder when 54416 is divided by 210.
26
What is the remainder when 27724 is divided by 359?
81
Calculate the remainder when 68198 is divided by 189.
158
What is the remainder when 2529 is divided by 86?
35
What is the remainder when 1400 is divided by 264?
80
What is the remainder when 23672 is divided by 119?
110
What is the remainder when 7185 is divided by 202?
115
Calculate the remainder when 552047 is divided by 1208.
1199
Calculate the remainder when 33293 is divided by 16642.
9
Calculate the remainder when 378140 is divided by 624.
620
Calculate the remainder when 15259 is divided by 4977.
328
What is the remainder when 842206 is divided by 5973?
13
Calculate the remainder when 56673 is divided by 2576.
1
Calculate the remainder when 1777 is divided by 152.
105
Calculate the remainder when 49318 is divided by 465.
28
What is the remainder when 1140 is divided by 1129?
11
What is the remainder when 114267 is divided by 106?
105
What is the remainder when 868 is divided by 285?
13
Calculate the remainder when 1504 is divided by 518.
468
What is the remainder when 8374 is divided by 164?
10
Calculate the remainder when 8002 is divided by 889.
1
Calculate the remainder when 16830 is divided by 70.
30
Calculate the remainder when 13119 is divided by 2174.
75
Calculate the remainder when 173031 is divided by 344.
343
Calculate the remainder when 5426 is divided by 1064.
106
What is the remainder when 61804 is divided by 303?
295
Calculate the remainder when 815 is divided by 668.
147
Calculate the remainder when 23085 is divided by 1153.
25
Calculate the remainder when 179277 is divided by 12.
9
What is the remainder when 28774 is divided by 2065?
1929
Calculate the remainder when 11344 is divided by 86.
78
Calculate the remainder when 8892 is divided by 523.
1
Calculate the remainder when 137088 is divided by 184.
8
What is the remainder when 5195 is divided by 3?
2
What is the remainder when 42429 is divided by 204?
201
What is the remainder when 89317 is divided by 499?
495
Calculate the remainder when 1899 is divided by 648.
603
What is the remainder when 2865 is divided by 415?
375
What is the remainder when 21301 is divided by 7067?
100
What is the remainder when 10939 is divided by 125?
64
What is the remainder when 18634 is divided by 4618?
162
What is the remainder when 77198 is divided by 1152?
14
What is the remainder when 446 is divided by 332?
114
Calculate the remainder when 17619 is divided by 20.
19
Calculate the remainder when 39476 is divided by 7892.
16
Calculate the remainder when 94807 is divided by 83.
21
Calculate the remainder when 798 is divided by 722.
76
What is the remainder when 87857 is divided by 265?
142
Calculate the remainder when 4954 is divided by 61.
13
Calculate the remainder when 78411 is divided by 4612.
7
What is the remainder when 2626 is divided by 1208?
210
Calculate the remainder when 767 is divided by 66.
41
What is the remainder when 1848 is divided by 600?
48
Calculate the remainder when 94494 is divided by 70.
64
Calculate the remainder when 29695 is divided by 9885.
40
What is the remainder when 21206 is divided by 127?
124
Calculate the remainder when 1315450 is divided by 14.
10
Calculate the remainder when 34034 is divided by 62.
58
Calculate the remainder when 3161 is divided by 57.
26
Calculate the remainder when 3946 is divided by 3789.
157
What is the remainder when 26192 is divided by 961?
245
Calculate the remainder when 204314 is divided by 34.
8
What is the remainder when 21039 is divided by 25?
14
What is the remainder when 2676 is divided by 874?
54
What is the remainder when 34968 is divided by 261?
255
Calculate the remainder when 16026 is divided b